{"id":1382,"date":"2021-07-30T12:21:43","date_gmt":"2021-07-30T12:21:43","guid":{"rendered":"http:\/\/guidovorburger.ch\/?page_id=1382"},"modified":"2021-07-30T16:06:57","modified_gmt":"2021-07-30T16:06:57","slug":"kunst-am-bau","status":"publish","type":"page","link":"https:\/\/guidovorburger.ch\/?page_id=1382","title":{"rendered":"Kunst am Bau"},"content":{"rendered":"\n<p><a name=\"projekt1\"><\/a><br>2019 &#8211; 2020<br><strong>Neubau Siedlung Glattpark, Opfikon (Z\u00fcrich)<br><\/strong>Allgemeine Baugenossenschaft Z\u00fcrich<br>Pool Architekten Z\u00fcrich<br>Zusammenarbeit mit Reto Boller<br>Ausf\u00fchrung: Kunstgiesserei St.Gallen<br>Fotografie Erwin Auf der Mauer, Z\u00fcrich<br>Wettbewerb auf Einladung, 1. Preis<br><a href=\"https:\/\/guidovorburger.ch\/?p=1365\" data-type=\"URL\" data-id=\"https:\/\/guidovorburger.ch\/?p=1365\">mehr<\/a><br><a name=\"projekt2\"><\/a><br>2012 &#8211; 2014<br><strong>Neubau Hochschule der Medien, Stuttgart<br><\/strong>Land Baden &#8211; W\u00fcrttemberg<br>Universit\u00e4tsbauamt Stuttgart<br>Hotz Architekten, Freiburg\/Breisgau<br>Zusammenarbeit mit Reto Boller<br>Fotografie Nadine Bracht, Stuttgart<br>Wettbewerb auf Einladung, 1. Preis<br><a href=\"https:\/\/guidovorburger.ch\/?p=1363\">mehr<\/a><br><a name=\"projekt3\"><\/a><br>2007 &#8211; 2008<br><strong>Neubau Institut f\u00fcr Nanotechnologie, Karlsruhe<br><\/strong>Forschungszentrum Karlsruhe<br>HWP Planungsgesellschaft, Stuttgart<br>Zusammenarbeit mit Reto Boller<br>Ausf\u00fchrung Kunstgiesserei St. Gallen<br>Fotografie Nadine Bracht, Stuttgart<br>Wettbewerb auf Einladung, 1. Preis<br><a href=\"https:\/\/guidovorburger.ch\/?p=1361\">mehr<\/a><\/p>\n","protected":false},"excerpt":{"rendered":"<p>2019 &#8211; 2020Neubau Siedlung Glattpark, Opfikon (Z\u00fcrich)Allgemeine Baugenossenschaft Z\u00fcrichPool Architekten Z\u00fcrichZusammenarbeit mit Reto BollerAusf\u00fchrung: Kunstgiesserei St.GallenFotografie Erwin Auf der Mauer, Z\u00fcrichWettbewerb auf Einladung, 1. Preismehr2012 &#8211; 2014Neubau Hochschule der Medien, StuttgartLand Baden &#8211; W\u00fcrttembergUniversit\u00e4tsbauamt StuttgartHotz Architekten, Freiburg\/BreisgauZusammenarbeit mit Reto BollerFotografie Nadine Bracht, StuttgartWettbewerb auf Einladung, 1. Preismehr2007 &#8211; 2008Neubau Institut f\u00fcr Nanotechnologie, KarlsruheForschungszentrum KarlsruheHWP Planungsgesellschaft, [&hellip;]<\/p>\n","protected":false},"author":2,"featured_media":0,"parent":0,"menu_order":0,"comment_status":"closed","ping_status":"closed","template":"","meta":{"footnotes":""},"class_list":["post-1382","page","type-page","status-publish","hentry"],"_links":{"self":[{"href":"https:\/\/guidovorburger.ch\/index.php?rest_route=\/wp\/v2\/pages\/1382","targetHints":{"allow":["GET"]}}],"collection":[{"href":"https:\/\/guidovorburger.ch\/index.php?rest_route=\/wp\/v2\/pages"}],"about":[{"href":"https:\/\/guidovorburger.ch\/index.php?rest_route=\/wp\/v2\/types\/page"}],"author":[{"embeddable":true,"href":"https:\/\/guidovorburger.ch\/index.php?rest_route=\/wp\/v2\/users\/2"}],"replies":[{"embeddable":true,"href":"https:\/\/guidovorburger.ch\/index.php?rest_route=%2Fwp%2Fv2%2Fcomments&post=1382"}],"version-history":[{"count":10,"href":"https:\/\/guidovorburger.ch\/index.php?rest_route=\/wp\/v2\/pages\/1382\/revisions"}],"predecessor-version":[{"id":1407,"href":"https:\/\/guidovorburger.ch\/index.php?rest_route=\/wp\/v2\/pages\/1382\/revisions\/1407"}],"wp:attachment":[{"href":"https:\/\/guidovorburger.ch\/index.php?rest_route=%2Fwp%2Fv2%2Fmedia&parent=1382"}],"curies":[{"name":"wp","href":"https:\/\/api.w.org\/{rel}","templated":true}]}}